(c)?
-33
Let k = 69 + -64. Let s(l) = -2 + 3 - k + 3*l - 4*l**2 + 6*l**2. Give s(-3).
5
Suppose 2*f = 4 + 28. Suppose -2*z + 5*d - d + f = 0, -4*z = d - 14. Let o(m) be the second derivative of m**3/6 - 2*m**2 + m. Determine o(z).
0
Let s(h) = -3 - 4 - 4 + 5*h - 15 + 33. What is s(5)?
32
Let d(k) = -k**2 - 6*k - 1. Let p(r) = -3*r + 2. Let l be p(-17). Let z be ((-212)/l)/(2*1/3). Determine d(z).
-1
Let s(d) = d**3 + 7*d**2 + 6*d - 5. Let g be s(-6). Let q be 52/(-14) - 4*g/(-70). Let a(j) = j**2 - j - 4. Determine a(q).
16
Let k(z) = 9*z - 1. Let a be 4/((-16)/(-60)) - 4. Let d be (a/22)/((-1)/(-6)). Suppose -5*i - 2*q + 3 - 8 = 0, -5*i - 5 = d*q. Give k(i).
-10
Suppose -2*m + 18 = -3*l, 5*l + 10 = m + 3*l. Suppose 0 = 4*i - 46 - 126. Let j(d) = -39*d + m + i*d - 5. Determine j(-1).
-3
Let v = -46 - -38. Let o(u) = u**3 + 8*u**2 - 6. Let i be o(v). Let t(l) = l**3 + 7*l**2 + 5*l - 7. What is t(i)?
-1
Let z = 23 + -25. Let v(r) be the second derivative of r**4/6 + r**3/2 + 3*r**2/2 - 4*r. What is v(z)?
5
Let v(t) = -3*t - 4. Let y be v(-3). Let u(i) = i**2 - 3*i - 1. Let p(l) = -l**3 + l**2 + 14*l + 8. Let z(h) = -p(h) - 3*u(h). What is z(y)?
-5
Let i(j) = -j**2 + 6*j + 2. Let f be ((5 + 34/(-6))*18)/(-2). What is i(f)?
2
Let n(j) be the third derivative of j**5/60 + 7*j**4/24 + 2*j**3/3 - 10*j**2. Suppose 0 = 4*t - 3 + 19. Calculate n(t).
-8
Let k be (-2)/(-4)*6*(-16)/(-12). Let p(b) = -b**2 + 7 - 4*b**2 + b - 9 + k + b**3. Determine p(5).
7
Let k = 21 + -18. Suppose -f + 2*a + k = 4*a, -9 = -3*a. Let l(s) = 7 - 5*s + 0 + 6*s. Calculate l(f).
4
Let i(z) be the third derivative of -z**5/60 + 11*z**4/24 - z**3/3 - 437*z**2. Determine i(10).
8
Let p(u) be the first derivative of 1/2*u**2 + u + 28. Give p(5).
6
Let m = 31 + -35. Let n(t) = 3*t**2 + t**3 - 5 - 4 + 7 + 3 - 5*t. Determine n(m).
5
Let j = -145 + 149. Let i(s) be the second derivative of s**2 - 1/12*s**j + 0 + s + 0*s**3. Determine i(0).
2
Suppose -d - 5 = -4*l - 2, -2*l = -d + 1. Let h(p) = -3*p**2 - 4*p**3 + p + 4*p**2 + d*p**3 + 1. Calculate h(0).
1
Suppose 0 = 2*d + 4*w + 4, -2*w + 5*w = -d - 5. Let o(j) = 4*j - 5*j**2 + 4 - j - 3*j**2 + 6*j**2. Give o(d).
-16
Let r(m) = m**2. Let k(l) = 3*l**2 - 6*l + 1 + 4 + 1 - 5. Let h(u) = -k(u) + 2*r(u). Let a = 3 - -1. What is h(a)?
7
Suppose 21*o = -19 - 23. Let v(g) = -3*g**2. What is v(o)?
-12
Let p(b) = b**2 + 2*b - 2. Let n(u) = -u**2 - 3*u - 2. Let w be n(0). Let q be ((-312)/(-18))/(-4) + w/(-6). Give p(q).
6
Let p(x) = -x**2 + 1. Let k(d) = -d + 2. Let b(w) = -k(w) + p(w). What is b(2)?
-3
Let m(g) = g**2 + 3*g - 2. Let j = -31 + 22. Let i be 12/j*(-3)/2. What is m(i)?
8
Let p(y) be the third derivative of -y**7/2520 - y**6/720 - y**5/30 + 19*y**4/24 - 9*y**2. Let x(o) be the second derivative of p(o). Determine x(-3).
-10
Let w = 45 + -42. Suppose 4*m = m + w. Let h(a) = 5*a + 1. What is h(m)?
6
Let t(p) = -p**3 - 3*p**2 + 5*p + 6. Let q be t(-4). Let z be 8/84 - 1683/(-189). Suppose n = -q*n + z. Let c(j) = j**2 - 2*j - 3. Give c(n).
0
Let u be (-10 - (-12 - -3))/((-3)/30). Let t(v) = v - 19. Determine t(u).
-9
Let c(n) be the third derivative of -n**4/24 - 7*n**3/6 - 473*n**2. Suppose 0 = -2*h + 3*h + 6. Let u = h - -2. Give c(u).
-3
Let f(d) = -d**3 + 5*d**2 + 6*d - 2. Let k = -12 - -36. Suppose b + k = 5*b. Calculate f(b).
-2
Let f(i) = i**3 - 6*i**2 + 2*i + 5. Suppose 2*d + 4*d - 48 = 0. Let q(k) = 29*k**2 - 4*k**3 - d - 11*k**2 - 7*k - 8. Let u(j) = 7*f(j) + 2*q(j). Give u(-6).
3
Let f(g) = 2*g**2 - g**2 + 3*g**3 + 4 - 5 - 4*g**3 - g. Let l(z) = 1 - 6*z**2 + 4 - 2 + 7*z**3 + 5*z. Let j(t) = -6*f(t) - l(t). Give j(0).
3
Let g be 20 + -22 - (-1 - 4). Let j(w) = -2*w**2 + 9*w - 6. Give j(g).
3
Let t = -2276 - -2278. Let n(l) = -2*l**2 + l + 3. Give n(t).
-3
Let a = 187 + -200. Let v(r) = -r**2 - 12*r + 13. Calculate v(a).
0
Let f = -57 + 80. Suppose -4*h - f = -5*o, 4*h + 7 + 7 = 2*o. Suppose o*l = 2*l + 6. Let k(v) = v**3 - 5*v**2 - 5*v - 2. What is k(l)?
4
Suppose 4*b - 5 + 11 = 3*y, -3*b + 1 = -5*y. Let v(r) = 3*r**3 + 3*r**2 - 3*r + 2. Determine v(y).
-4
Let b(p) = -p - 53 + 107 + 0*p - 42. Calculate b(15).
-3
Let y(j) be the second derivative of -j**3/3 - 5*j**2 - 54*j - 6. Determine y(-2).
-6
Let y(x) = 4*x + 1 - 5 + 0 + x**3 - 4*x**2 - 2*x. Suppose -3 = -10*c + 9*c. Determine y(c).
-7
Suppose 10*f + 30 = 15*f. Let b(k) = -k**3 - k. Let i(w) = -3*w**3 - 5*w**2 - 10*w + 3. Let t(m) = 4*b(m) - i(m). Give t(f).
-3
Suppose -26*o - 59 = 19. Let u(j) = -j + 2. Calculate u(o).
5
Let s = 25 + -13. Let n = 0 + s. Let x = n - 6. Let j(p) = p**3 - 6*p**2 - 2. What is j(x)?
-2
Let q = -23 + 23. Suppose -19*d + 18*d = q. Let f(b) = b**2 - b. Calculate f(d).
0
Let w(j) be the second derivative of -11*j**3/6 + 7*j**2/2 - 215*j - 2. Determine w(-3).
40
Let b = -176 - -171. Let x(w) = -w - 10. Determine x(b).
-5
Let n(g) be the second derivative of -g**3/2 + 2*g**2 - g. Suppose 2*y + 8 = 0, z + 4*y + 13 = -2*z. Let o be (-2)/(-2) - (z + -4). Determine n(o).
-8
Let a(i) = i - 2*i - 9 - 3. Suppose -130 = 14156*v - 14146*v. Determine a(v).
1
Let g be -10*(3 - (-68)/(-20)). Suppose -3*l - 2 = -p, 0 = -4*p - g*l + 16 + 8. Let m(r) = p + 3*r + r - 5*r. Give m(-5).
10
Let q(u) = 2*u - 6. Let h(p) = -p + 3. Let d(m) = -11*h(m) - 6*q(m). Suppose 6 = 3*i - 12. Calculate d(i).
-3
Let d(j) = j**2 - 5*j - 3. Let q be (-9)/(33/(-12) + 2). Suppose -4*p = -12 - q. Determine d(p).
3
Let j(v) = v**2 + 13*v - 43. Let y be j(-16). Let m(n) = -n**3 + 5*n**2 + 7. Calculate m(y).
7
Let g(u) = -5*u**2 - 4*u + 13. Let m(p) = -11*p**2 - 7*p + 27. Let z(f) = -13*g(f) + 6*m(f). Let y be z(9). Let s(a) = -10 + 0*a - y*a + 3*a. What is s(7)?
-3
Suppose 2*p = 5*w + 33, -5*p + 17 = -3*w - 18. Let z = -7 - w. Let n(o) be the first derivative of o**4/4 + o**3 + o**2/2 - 6. What is n(z)?
2
Let p = 3 - 2. Let x(d) = -p + 0 - d + 2*d**3 + 0*d - 7*d**3. Suppose 0 = -14*s + 16*s + 2. Calculate x(s).
5
Let b(v) = -v**2 + 3*v. Let a = -33 - -19. Let h = 16 + a. Give b(h).
2
Let o(w) = 8*w**3 - w**2 + w - 1. Suppose -3*n = 4*q - 44, -3*n + 4*n = 2*q - 2. Suppose -3*i + n*i = 5. Calculate o(i).
7
Let w(c) = -c**2 - 16*c + 1. Let m = 174 + -185. Calculate w(m).
56
Let u(q) = -3*q**2 + 6*q + 0*q + 10 - 7 - 5. Let k be u(2). Let t(l) = 3*l**2 + 0*l + 4*l + 3 - 2*l**2 - l**3. Calculate t(k).
7
Suppose -31*s = -11*s + 220. Let y(i) = i**3 + 9*i**2 - 20*i + 21. Calculate y(s).
-1
Let y(p) = p**2 + 9*p. Let w(f) = 2*f + 11. Let c(u) = 4*u + 22. Let o(m) = 6*c(m) - 11*w(m). Let q be o(-9). Determine y(q).
-14
Let s(z) = -2*z - 6. Let p be 176/10 + 32/80. Let x = p - 26. Determine s(x).
10
Suppose 49*d = 42*d - 91. Let v(z) = -z - 12. Give v(d).
1
Let o(b) = b**2 - 11*b + 8. Let t be (-15)/(-90) - 141/(-18). What is o(t)?
-16
Let h be -12 - (14 + (-455)/13). Let a(n) be the third derivative of -n**4/24 + n**3 - n**2. Calculate a(h).
-3
Let u(x) = -9*x - 5. Let z(r) = -r - 2. Let m(i) = u(i) - 2*z(i). Calculate m(1).
-8
Let b(d) be the second derivative of -d**2/2 - 22*d. Let j(w) = -w**2 + w - 5. Let k(a) = -5*b(a) + j(a). Calculate k(2).
-2
Let u = 10 - 16. Let o be (u - -3)/1 + 1. Let l = o + 3. Let a(j) = 14*j**3 - 2*j**2 + j. Give a(l).
13
Suppose 485 = -5*v - 5*h, 2*v + 5*h + 7 = -175. Let f = v + 95. Let l(i) = -i - 6. What is l(f)?
0
Let v(p) be the third derivative of 0 - 1/6*p**3 - 9*p**2 + 0*p + 1/24*p**4. Suppose -6*z = -4*z + 14. Determine v(z).
-8
Let r(x) = 3 + 0*x + 19*x**2 - 9*x + 5 - 9*x**2 - 2*x**3 + x**3. Determine r(9).
8
Suppose 2*v - 5 = -1. Let p be (v + 6/(-9))*-3. Let x(m) = -4*m**2 - 3*m + 1. Let c(l) = 3*l**2 + 3*l. Let u(k) = 3*c(k) + 2*x(k). What is u(p)?
6
Let x(v) = 3*v - 3 - v - 6*v. Let g = -47 - -45. Determine x(g).
5
Let o = 239 - 235. Let i(l) = -5*l - 3. Calculate i(o).
-23
Let i(x) = -9*x**2 + 2*x - 1. Suppose 5*j + 4*d + 7 = 0, 3*d - 8 = j + 6*d. Let g be i(j). Let l(b) = b**2 + 10*b + 6. Calculate l(g).
-10
Let x(d) = -d**2 - 6*d + 1. Let c = -2 - 3. Let b be x(c). Suppose -b*a + 2*a + 20 = 0. Let m(j) = -j**3 + 4*j**2 + 3*j + 4. Calculate m(a).
-6
Let a = 1274 - 1277. Let t(h) = -10*h + 4. Determine t(a).
34
Let h(j) be the first derivative of -j**5/60 + j**4/12 + j**3/6 + 33*j**2/2 - 38. Let q(v) be the second derivative of h(v). Calculate q(-4